{"id":10670,"date":"2024-03-12T16:53:26","date_gmt":"2024-03-12T15:53:26","guid":{"rendered":"https:\/\/www.klasmeier.com\/?page_id=10670"},"modified":"2025-05-08T13:30:30","modified_gmt":"2025-05-08T11:30:30","slug":"jobb-karriar","status":"publish","type":"page","link":"https:\/\/www.klasmeier.com\/sv\/foretag\/jobb-karriar\/","title":{"rendered":"Jobb\/Karri\u00e4r"},"content":{"rendered":"\n<div class=\"wp-block-group alignfull has-global-padding is-layout-constrained wp-container-core-group-is-layout-a87bbb62 wp-block-group-is-layout-constrained\" style=\"padding-top:var(--wp--preset--spacing--30);padding-right:var(--wp--preset--spacing--30);padding-bottom:var(--wp--preset--spacing--30);padding-left:var(--wp--preset--spacing--30)\">\n<h3 class=\"wp-block-heading alignwide\"><strong><strong>Jobb\/Karri\u00e4r<\/strong><\/strong><\/h3>\n\n\n\n<figure class=\"wp-block-image alignwide size-full has-custom-border\"><img loading=\"lazy\" decoding=\"async\" width=\"1387\" height=\"871\" src=\"https:\/\/www.klasmeier.com\/wp-content\/uploads\/2024\/04\/KK-team.png\" alt=\"\" class=\"wp-image-2137\" style=\"border-radius:50px\" srcset=\"https:\/\/www.klasmeier.com\/wp-content\/uploads\/2024\/04\/KK-team.png 1387w, https:\/\/www.klasmeier.com\/wp-content\/uploads\/2024\/04\/KK-team-300x188.png 300w, https:\/\/www.klasmeier.com\/wp-content\/uploads\/2024\/04\/KK-team-1024x643.png 1024w, https:\/\/www.klasmeier.com\/wp-content\/uploads\/2024\/04\/KK-team-768x482.png 768w, https:\/\/www.klasmeier.com\/wp-content\/uploads\/2024\/04\/KK-team-600x377.png 600w\" sizes=\"auto, (max-width: 1387px) 100vw, 1387px\" \/><\/figure>\n\n\n\n<h3 class=\"wp-block-heading alignwide has-text-align-center\"><strong><strong>Arbeta i familjef\u00f6retaget Klasmeier<\/strong><\/strong><\/h3>\n\n\n\n<p class=\"has-text-align-left\">P\u00e5 Klasmeier Kalibrier- und Messtechnik GmbH f\u00f6renas tradition och innovation, laganda och kreativitet, noggrannhet och flexibilitet: Vi \u00e4r ett familjef\u00f6retag \u2013 och det m\u00e4rks. Vi st\u00f6ttar varandra i teamet och v\u00e4rdes\u00e4tter en trevlig arbetsmilj\u00f6. F\u00f6retaget grundades 1986 av Peter Klasmeier, och idag bidrar andra generationen, Thomas Klasmeier, med kunskap och id\u00e9er. Vi utvecklas st\u00e4ndigt, \u00e4r \u00f6ppna f\u00f6r nya m\u00f6jligheter och har alltid h\u00e5llbarhet i fokus.<\/p>\n\n\n\n<div class=\"wp-block-buttons is-content-justification-center is-layout-flex wp-container-core-buttons-is-layout-a89b3969 wp-block-buttons-is-layout-flex\">\n<div class=\"wp-block-button hvr-shrink\"><a class=\"wp-block-button__link wp-element-button\" href=\"https:\/\/www.klasmeier.com\/sv\/foretag\/foretagsportratt\/\" style=\"padding-top:var(--wp--preset--spacing--10);padding-right:var(--wp--preset--spacing--20);padding-bottom:var(--wp--preset--spacing--10);padding-left:var(--wp--preset--spacing--20)\">Till f\u00f6retagsprofilen<\/a><\/div>\n<\/div>\n<\/div>\n\n\n\n<div class=\"wp-block-group alignwide has-accent-background-color has-background is-vertical is-content-justification-center is-layout-flex wp-container-core-group-is-layout-e14aaaa0 wp-block-group-is-layout-flex\" style=\"border-radius:50px;padding-top:var(--wp--preset--spacing--40);padding-right:var(--wp--preset--spacing--20);padding-bottom:var(--wp--preset--spacing--40);padding-left:var(--wp--preset--spacing--20)\">\n<h3 class=\"wp-block-heading alignwide has-text-align-center\"><strong><strong>Observera att v\u00e5ra aktuella jobbannonser endast finns p\u00e5 v\u00e5r\u00a0<a href=\"https:\/\/www.klasmeier.com\/sv\/foretag\/jobb-karriar\/\">tyska karri\u00e4rsida<\/a>.<\/strong><\/strong><\/h3>\n\n\n\n<div style=\"height:2px\" aria-hidden=\"true\" class=\"wp-block-spacer wp-container-content-1abe4828\"><\/div>\n<\/div>\n\n\n\n<div class=\"wp-block-group alignfull has-global-padding is-layout-constrained wp-container-core-group-is-layout-f90d3be4 wp-block-group-is-layout-constrained\" style=\"padding-top:var(--wp--preset--spacing--40);padding-right:var(--wp--preset--spacing--30);padding-bottom:var(--wp--preset--spacing--40);padding-left:var(--wp--preset--spacing--30)\">\n<h3 class=\"wp-block-heading alignwide has-text-align-center\"><strong><strong>Spontanans\u00f6kningar<\/strong><\/strong><\/h3>\n\n\n\n<div class=\"wp-block-columns alignwide is-layout-flex wp-container-core-columns-is-layout-28f84493 wp-block-columns-is-layout-flex\">\n<div class=\"wp-block-column is-vertically-aligned-center is-layout-flow wp-container-core-column-is-layout-f5bb311e wp-block-column-is-layout-flow\" style=\"flex-basis:70%\">\n<p style=\"font-size:clamp(0.875rem, 0.875rem + ((1vw - 0.2rem) * 0.708), 1.3rem);\">Hittade du inte r\u00e4tt tj\u00e4nst bland v\u00e5ra aktuella jobbannonser? Kanske blir det en m\u00f6jlighet fram\u00f6ver\u2026 Om du \u00e4r teknikintresserad och vill arbeta i ett ungt och kreativt team ser vi fram emot din spontanans\u00f6kan.<\/p>\n\n\n\n<p style=\"font-size:clamp(0.875rem, 0.875rem + ((1vw - 0.2rem) * 0.708), 1.3rem);\">Skicka din ans\u00f6kan med relevanta dokument till:<\/p>\n\n\n\n<div class=\"wp-block-group is-content-justification-center is-nowrap is-layout-flex wp-container-core-group-is-layout-23441af8 wp-block-group-is-layout-flex\">\n<p class=\"has-text-align-center hvr-grow\">Meddelande: F\u00f6r n\u00e4rvarande tar vi endast emot ans\u00f6kningar via v\u00e5r\u00a0<a href=\"https:\/\/www.klasmeier.com\/sv\/foretag\/jobb-karriar\/\">tyska karri\u00e4rsida<\/a><\/p>\n<\/div>\n<\/div>\n\n\n\n<div class=\"wp-block-column is-vertically-aligned-center is-layout-flow wp-block-column-is-layout-flow\" style=\"flex-basis:30%\">\n<figure class=\"wp-block-image aligncenter has-custom-border hvr-grow\"><img loading=\"lazy\" decoding=\"async\" width=\"300\" height=\"292\" src=\"https:\/\/www.klasmeier.com\/wp-content\/uploads\/2024\/03\/Klasmeier-Schulungen-300x292-1.jpg\" alt=\"\" class=\"wp-image-1645\" style=\"border-radius:50px\"\/><\/figure>\n<\/div>\n<\/div>\n<\/div>\n","protected":false},"excerpt":{"rendered":"<p>Jobb\/Karri\u00e4r Arbeta i familjef\u00f6retaget Klasmeier P\u00e5 Klasmeier Kalibrier- und Messtechnik GmbH f\u00f6renas tradition och innovation, laganda och kreativitet, noggrannhet och flexibilitet: Vi \u00e4r ett familjef\u00f6retag \u2013 och det m\u00e4rks. Vi st\u00f6ttar varandra i teamet och v\u00e4rdes\u00e4tter en trevlig arbetsmilj\u00f6. F\u00f6retaget grundades 1986 av Peter Klasmeier, och idag bidrar andra generationen, Thomas Klasmeier, med kunskap och [&hellip;]<\/p>\n","protected":false},"author":4,"featured_media":0,"parent":10656,"menu_order":0,"comment_status":"closed","ping_status":"closed","template":"","meta":{"footnotes":""},"class_list":["post-10670","page","type-page","status-publish","hentry"],"_links":{"self":[{"href":"https:\/\/www.klasmeier.com\/sv\/wp-json\/wp\/v2\/pages\/10670","targetHints":{"allow":["GET"]}}],"collection":[{"href":"https:\/\/www.klasmeier.com\/sv\/wp-json\/wp\/v2\/pages"}],"about":[{"href":"https:\/\/www.klasmeier.com\/sv\/wp-json\/wp\/v2\/types\/page"}],"author":[{"embeddable":true,"href":"https:\/\/www.klasmeier.com\/sv\/wp-json\/wp\/v2\/users\/4"}],"replies":[{"embeddable":true,"href":"https:\/\/www.klasmeier.com\/sv\/wp-json\/wp\/v2\/comments?post=10670"}],"version-history":[{"count":3,"href":"https:\/\/www.klasmeier.com\/sv\/wp-json\/wp\/v2\/pages\/10670\/revisions"}],"predecessor-version":[{"id":11974,"href":"https:\/\/www.klasmeier.com\/sv\/wp-json\/wp\/v2\/pages\/10670\/revisions\/11974"}],"up":[{"embeddable":true,"href":"https:\/\/www.klasmeier.com\/sv\/wp-json\/wp\/v2\/pages\/10656"}],"wp:attachment":[{"href":"https:\/\/www.klasmeier.com\/sv\/wp-json\/wp\/v2\/media?parent=10670"}],"curies":[{"name":"wp","href":"https:\/\/api.w.org\/{rel}","templated":true}]}}

Jobb/Karriär

<div class="wp-block-group alignfull has-global-padding is-layout-constrained wp-container-core-group-is-layout-a87bbb62 wp-block-group-is-layout-constrained" style="padding-top:var(--wp--preset--spacing--30);padding-right:var(--wp--preset--spacing--30);padding-bottom:var(--wp--preset--spacing--30);padding-left:var(--wp--preset--spacing--30)">
<h3 class="wp-block-heading alignwide"><strong><strong>Jobb/Karriär</strong></strong></h3>



<figure class="wp-block-image alignwide size-full has-custom-border"><img loading="lazy" decoding="async" width="1387" height="871" src="https://www.klasmeier.com/wp-content/uploads/2024/04/KK-team.png" alt="" class="wp-image-2137" style="border-radius:50px" srcset="https://www.klasmeier.com/wp-content/uploads/2024/04/KK-team.png 1387w, https://www.klasmeier.com/wp-content/uploads/2024/04/KK-team-300x188.png 300w, https://www.klasmeier.com/wp-content/uploads/2024/04/KK-team-1024x643.png 1024w, https://www.klasmeier.com/wp-content/uploads/2024/04/KK-team-768x482.png 768w, https://www.klasmeier.com/wp-content/uploads/2024/04/KK-team-600x377.png 600w" sizes="auto, (max-width: 1387px) 100vw, 1387px" /></figure>



<h3 class="wp-block-heading alignwide has-text-align-center"><strong><strong>Arbeta i familjeföretaget Klasmeier</strong></strong></h3>



<p class="has-text-align-left">På Klasmeier Kalibrier- und Messtechnik GmbH förenas tradition och innovation, laganda och kreativitet, noggrannhet och flexibilitet: Vi är ett familjeföretag – och det märks. Vi stöttar varandra i teamet och värdesätter en trevlig arbetsmiljö. Företaget grundades 1986 av Peter Klasmeier, och idag bidrar andra generationen, Thomas Klasmeier, med kunskap och idéer. Vi utvecklas ständigt, är öppna för nya möjligheter och har alltid hållbarhet i fokus.</p>



<div class="wp-block-buttons is-content-justification-center is-layout-flex wp-container-core-buttons-is-layout-a89b3969 wp-block-buttons-is-layout-flex">
<div class="wp-block-button hvr-shrink"><a class="wp-block-button__link wp-element-button" href="https://www.klasmeier.com/sv/foretag/foretagsportratt/" style="padding-top:var(--wp--preset--spacing--10);padding-right:var(--wp--preset--spacing--20);padding-bottom:var(--wp--preset--spacing--10);padding-left:var(--wp--preset--spacing--20)">Till företagsprofilen</a></div>
</div>
</div>



<div class="wp-block-group alignwide has-accent-background-color has-background is-vertical is-content-justification-center is-layout-flex wp-container-core-group-is-layout-e14aaaa0 wp-block-group-is-layout-flex" style="border-radius:50px;padding-top:var(--wp--preset--spacing--40);padding-right:var(--wp--preset--spacing--20);padding-bottom:var(--wp--preset--spacing--40);padding-left:var(--wp--preset--spacing--20)">
<h3 class="wp-block-heading alignwide has-text-align-center"><strong><strong>Observera att våra aktuella jobbannonser endast finns på vår <a href="https://www.klasmeier.com/sv/foretag/jobb-karriar/">tyska karriärsida</a>.</strong></strong></h3>



<div style="height:2px" aria-hidden="true" class="wp-block-spacer wp-container-content-1abe4828"></div>
</div>



<div class="wp-block-group alignfull has-global-padding is-layout-constrained wp-container-core-group-is-layout-f90d3be4 wp-block-group-is-layout-constrained" style="padding-top:var(--wp--preset--spacing--40);padding-right:var(--wp--preset--spacing--30);padding-bottom:var(--wp--preset--spacing--40);padding-left:var(--wp--preset--spacing--30)">
<h3 class="wp-block-heading alignwide has-text-align-center"><strong><strong>Spontanansökningar</strong></strong></h3>



<div class="wp-block-columns alignwide is-layout-flex wp-container-core-columns-is-layout-28f84493 wp-block-columns-is-layout-flex">
<div class="wp-block-column is-vertically-aligned-center is-layout-flow wp-container-core-column-is-layout-f5bb311e wp-block-column-is-layout-flow" style="flex-basis:70%">
<p style="font-size:clamp(0.875rem, 0.875rem + ((1vw - 0.2rem) * 0.708), 1.3rem);">Hittade du inte rätt tjänst bland våra aktuella jobbannonser? Kanske blir det en möjlighet framöver… Om du är teknikintresserad och vill arbeta i ett ungt och kreativt team ser vi fram emot din spontanansökan.</p>



<p style="font-size:clamp(0.875rem, 0.875rem + ((1vw - 0.2rem) * 0.708), 1.3rem);">Skicka din ansökan med relevanta dokument till:</p>



<div class="wp-block-group is-content-justification-center is-nowrap is-layout-flex wp-container-core-group-is-layout-23441af8 wp-block-group-is-layout-flex">
<p class="has-text-align-center hvr-grow">Meddelande: För närvarande tar vi endast emot ansökningar via vår <a href="https://www.klasmeier.com/sv/foretag/jobb-karriar/">tyska karriärsida</a></p>
</div>
</div>



<div class="wp-block-column is-vertically-aligned-center is-layout-flow wp-block-column-is-layout-flow" style="flex-basis:30%">
<figure class="wp-block-image aligncenter has-custom-border hvr-grow"><img loading="lazy" decoding="async" width="300" height="292" src="https://www.klasmeier.com/wp-content/uploads/2024/03/Klasmeier-Schulungen-300x292-1.jpg" alt="" class="wp-image-1645" style="border-radius:50px"/></figure>
</div>
</div>
</div>

<p>Jobb/Karriär Arbeta i familjeföretaget Klasmeier På Klasmeier Kalibrier- und Messtechnik GmbH förenas tradition och innovation, laganda och kreativitet, noggrannhet och flexibilitet: Vi är ett familjeföretag – och det märks. Vi stöttar varandra i teamet och värdesätter en trevlig arbetsmiljö. Företaget grundades 1986 av Peter Klasmeier, och idag bidrar andra generationen, Thomas Klasmeier, med kunskap och [&hellip;]</p>
