{"id":8406,"date":"2024-02-20T15:55:35","date_gmt":"2024-02-20T14:55:35","guid":{"rendered":"https:\/\/www.klasmeier.com\/?post_type=product&#038;p=8406"},"modified":"2025-12-03T11:44:04","modified_gmt":"2025-12-03T10:44:04","slug":"thermometre-de-precision-pour-temperature-moyenne-pt100-modele-m-100-c-a-250-c","status":"publish","type":"product","link":"https:\/\/www.klasmeier.com\/fr\/produkt\/thermometre-de-precision-pour-temperature-moyenne-pt100-modele-m-100-c-a-250-c\/","title":{"rendered":"Thermom\u00e8tre de pr\u00e9cision pour temp\u00e9rature moyenne Pt100 Mod\u00e8le M (-100 \u00b0C \u00e0 250 \u00b0C)"},"content":{"rendered":"\n<div class=\"wp-block-group has-global-padding is-layout-constrained wp-container-core-group-is-layout-530ec779 wp-block-group-is-layout-constrained\">\n<figure class=\"wp-block-image aligncenter size-full\"><img loading=\"lazy\" decoding=\"async\" width=\"310\" height=\"89\" src=\"https:\/\/www.klasmeier.com\/wp-content\/uploads\/exacal.png\" alt=\"\" class=\"wp-image-8297\" srcset=\"https:\/\/www.klasmeier.com\/wp-content\/uploads\/exacal.png 310w, https:\/\/www.klasmeier.com\/wp-content\/uploads\/exacal-300x86.png 300w\" sizes=\"auto, (max-width: 310px) 100vw, 310px\" \/><\/figure>\n\n\n\n<div class=\"wp-block-columns is-layout-flex wp-container-core-columns-is-layout-28f84493 wp-block-columns-is-layout-flex\">\n<div class=\"wp-block-column is-layout-flow wp-block-column-is-layout-flow\" style=\"flex-basis:66.66%\">\n<p>Thermom\u00e8tre de r\u00e9sistance de pr\u00e9cision avec <strong>gaine m\u00e9tallique fine et d\u00e9tecteur de temp\u00e9rature c\u00e9ramique extra-petit<\/strong>. Ce thermom\u00e8tre eXacal est con\u00e7u pour mesurer les <strong>profils de temp\u00e9rature radiaux et verticaux<\/strong>.<\/p>\n\n\n\n<div class=\"wp-block-group is-vertical is-layout-flex wp-container-core-group-is-layout-893838bc wp-block-group-is-layout-flex\" style=\"padding-top:var(--wp--preset--spacing--10);padding-bottom:var(--wp--preset--spacing--10)\">\n<p><mark style=\"background-color:rgba(0, 0, 0, 0)\" class=\"has-inline-color has-accent-3-color\"><i class=\"fas fa-circle-check\"><\/i><\/mark> Plage de temp\u00e9rature : <strong>-100 \u00b0C \u00e0 250 \u00b0C<\/strong><\/p>\n\n\n\n<p><mark style=\"background-color:rgba(0, 0, 0, 0)\" class=\"has-inline-color has-accent-3-color\"><i class=\"fas fa-circle-check\"><\/i><\/mark> Incertitudes de mesure faibles : <br>entre <strong>5 mK et 10 mK<\/strong><\/p>\n\n\n\n<p><mark style=\"background-color:rgba(0, 0, 0, 0)\" class=\"has-inline-color has-accent-3-color\"><i class=\"fas fa-circle-check\"><\/i><\/mark> <strong>Temps de r\u00e9ponse rapides gr\u00e2ce \u00e0 la gaine m\u00e9tallique fine<\/strong><\/p>\n\n\n\n<p><mark style=\"background-color:rgba(0, 0, 0, 0)\" class=\"has-inline-color has-accent-3-color\"><i class=\"fas fa-circle-check\"><\/i><\/mark> <strong>Bonne connexion thermique gr\u00e2ce au petit capteur de temp\u00e9rature<\/strong><\/p>\n\n\n\n<p><mark style=\"background-color:rgba(0, 0, 0, 0)\" class=\"has-inline-color has-accent-3-color\"><i class=\"fas fa-circle-check\"><\/i><\/mark> Optimal pour la mesure des <strong>gradients de temp\u00e9rature verticaux<\/strong><\/p>\n<\/div>\n<\/div>\n\n\n\n<div class=\"wp-block-column is-layout-flow wp-block-column-is-layout-flow\" style=\"flex-basis:33.33%\">\n<figure class=\"wp-block-image size-medium\"><img loading=\"lazy\" decoding=\"async\" width=\"300\" height=\"300\" src=\"https:\/\/www.klasmeier.com\/wp-content\/uploads\/klasmeier_EU_Precision_Thermometry_transparent-300x300.webp\" alt=\"\" class=\"wp-image-13161\" srcset=\"https:\/\/www.klasmeier.com\/wp-content\/uploads\/klasmeier_EU_Precision_Thermometry_transparent-300x300.webp 300w, https:\/\/www.klasmeier.com\/wp-content\/uploads\/klasmeier_EU_Precision_Thermometry_transparent-150x150.webp 150w, https:\/\/www.klasmeier.com\/wp-content\/uploads\/klasmeier_EU_Precision_Thermometry_transparent-768x768.webp 768w, https:\/\/www.klasmeier.com\/wp-content\/uploads\/klasmeier_EU_Precision_Thermometry_transparent-600x600.webp 600w, https:\/\/www.klasmeier.com\/wp-content\/uploads\/klasmeier_EU_Precision_Thermometry_transparent-100x100.webp 100w, https:\/\/www.klasmeier.com\/wp-content\/uploads\/klasmeier_EU_Precision_Thermometry_transparent.webp 1024w\" sizes=\"auto, (max-width: 300px) 100vw, 300px\" \/><\/figure>\n<\/div>\n<\/div>\n\n\n\n<p>Ce thermom\u00e8tre eXacal a \u00e9t\u00e9 d\u00e9velopp\u00e9 pour mesurer les profils de temp\u00e9rature verticaux et radiaux dans les \u00e9quipements d\u2019\u00e9talonnage dans le cadre de l\u2019\u00e9valuation des incertitudes de mesure. Cela est requis par plusieurs directives telles que <strong>DKD-R 5-4 \u00ab \u00c9talonnage des calibrateurs \u00e0 bloc sec \u00bb, DKD-R 5-3 \u00ab \u00c9talonnage des thermocouples \u00bb ou DKD-R 5-1 \u00ab \u00c9talonnage des thermom\u00e8tres \u00e0 r\u00e9sistance \u00bb<\/strong>. De plus, ce thermom\u00e8tre est id\u00e9al pour <strong>mesurer et r\u00e9gler les zones de chauffage dans les fours d\u2019\u00e9talonnage<\/strong>. Bien entendu, il peut \u00e9galement \u00eatre utilis\u00e9 de mani\u00e8re g\u00e9n\u00e9rale pour <strong>mesurer les temp\u00e9ratures avec pr\u00e9cision<\/strong>.<\/p>\n\n\n\n<div class=\"wp-block-group has-global-padding is-layout-constrained wp-container-core-group-is-layout-b1d50903 wp-block-group-is-layout-constrained\" style=\"padding-top:var(--wp--preset--spacing--20);padding-bottom:var(--wp--preset--spacing--20)\">\n<h3 class=\"wp-block-heading\">\u00c9talonnage<\/h3>\n\n\n\n<p>Les thermom\u00e8tres eXacal sont \u00e9talonn\u00e9s dans notre propre <a href=\"https:\/\/www.klasmeier.com\/fr\/entreprise\/portrait-de-lentreprise\/kalibrierdienst-klasmeier\/\">laboratoire d&rsquo;\u00e9talonnage DAkkS<\/a>. L&rsquo;accr\u00e9ditation DAkkS garantit que tous les \u00e9talonnages sont tra\u00e7ables aux normes nationales et internationales.<\/p>\n\n\n\n<p>L&rsquo;\u00e9talonnage des thermom\u00e8tres \u00e0 r\u00e9sistance eXacal est r\u00e9alis\u00e9 \u00e0 des points fixes ITS-90. Il est \u00e9galement possible de r\u00e9aliser des \u00e9talonnages selon la m\u00e9thode de comparaison dans des bains d&rsquo;\u00e9talonnage et des fours d&rsquo;\u00e9talonnage. L&rsquo;incertitude de mesure est calcul\u00e9e \u00e0 partir de plusieurs composants, les plus influents \u00e9tant <strong>la reproductibilit\u00e9, la caract\u00e9ristique ITS-90, l&rsquo;auto-\u00e9chauffement et l&rsquo;hyst\u00e9r\u00e9sis<\/strong>.<\/p>\n\n\n\n<div class=\"wp-block-buttons is-content-justification-center is-layout-flex wp-container-core-buttons-is-layout-e511ce0b wp-block-buttons-is-layout-flex\" style=\"margin-top:var(--wp--preset--spacing--30);margin-bottom:var(--wp--preset--spacing--30)\">\n<div class=\"wp-block-button hvr-shrink\"><a class=\"wp-block-button__link wp-element-button\" href=\"\/fr\/kalibrierdienst-klasmeier\/kalibrierung-von-widerstandsthermometern\/\">\u00c9talonnage des thermom\u00e8tres \u00e0 r\u00e9sistance<\/a><\/div>\n<\/div>\n<\/div>\n\n\n\n<div class=\"wp-block-group has-global-padding is-layout-constrained wp-container-core-group-is-layout-b1d50903 wp-block-group-is-layout-constrained\" style=\"padding-top:var(--wp--preset--spacing--20);padding-bottom:var(--wp--preset--spacing--20)\">\n<h3 class=\"wp-block-heading\">Incertitude de mesure<\/h3>\n\n\n\n<div class=\"wp-block-group is-vertical is-layout-flex wp-container-core-group-is-layout-893838bc wp-block-group-is-layout-flex\" style=\"padding-top:var(--wp--preset--spacing--10);padding-bottom:var(--wp--preset--spacing--10)\">\n<p><mark style=\"background-color:rgba(0, 0, 0, 0)\" class=\"has-inline-color has-accent-3-color\"><i class=\"fas fa-circle-check\"><\/i><\/mark> <strong>Faibles incertitudes de mesure avec certificat d&rsquo;\u00e9talonnage DAkkS<\/strong><\/p>\n\n\n\n<p><mark style=\"background-color:rgba(0, 0, 0, 0)\" class=\"has-inline-color has-accent-3-color\"><i class=\"fas fa-circle-check\"><\/i><\/mark> <strong>Points fixes de temp\u00e9rature du point triple du mercure -38,8344 \u00b0C au point de solidification de l&rsquo;\u00e9tain 231,928 \u00b0C<\/strong><\/p>\n<\/div>\n\n\n\n<figure class=\"wp-block-image alignwide size-full has-custom-border\"><img loading=\"lazy\" decoding=\"async\" width=\"968\" height=\"558\" src=\"https:\/\/www.klasmeier.com\/wp-content\/uploads\/Pt100-Modell-M-eXacal-Klasmeier-4.png\" alt=\"\" class=\"wp-image-6044\" style=\"border-radius:50px\" srcset=\"https:\/\/www.klasmeier.com\/wp-content\/uploads\/Pt100-Modell-M-eXacal-Klasmeier-4.png 968w, https:\/\/www.klasmeier.com\/wp-content\/uploads\/Pt100-Modell-M-eXacal-Klasmeier-4-300x173.png 300w, https:\/\/www.klasmeier.com\/wp-content\/uploads\/Pt100-Modell-M-eXacal-Klasmeier-4-768x443.png 768w, https:\/\/www.klasmeier.com\/wp-content\/uploads\/Pt100-Modell-M-eXacal-Klasmeier-4-600x346.png 600w\" sizes=\"auto, (max-width: 968px) 100vw, 968px\" \/><\/figure>\n<\/div>\n<\/div>\n","protected":false},"excerpt":{"rendered":"<p>Fabricant : Klasmeier \/ eXacal mod\u00e8le : Pt100M<\/p>\n","protected":false},"featured_media":11108,"template":"","meta":[],"product_brand":[],"product_cat":[],"product_tag":[],"class_list":{"0":"post-8406","1":"product","2":"type-product","3":"status-publish","4":"has-post-thumbnail","7":"first","8":"instock","9":"shipping-taxable","10":"purchasable","11":"product-type-variable"},"_links":{"self":[{"href":"https:\/\/www.klasmeier.com\/fr\/wp-json\/wp\/v2\/product\/8406","targetHints":{"allow":["GET"]}}],"collection":[{"href":"https:\/\/www.klasmeier.com\/fr\/wp-json\/wp\/v2\/product"}],"about":[{"href":"https:\/\/www.klasmeier.com\/fr\/wp-json\/wp\/v2\/types\/product"}],"wp:featuredmedia":[{"embeddable":true,"href":"https:\/\/www.klasmeier.com\/fr\/wp-json\/wp\/v2\/media\/11108"}],"wp:attachment":[{"href":"https:\/\/www.klasmeier.com\/fr\/wp-json\/wp\/v2\/media?parent=8406"}],"wp:term":[{"taxonomy":"product_brand","embeddable":true,"href":"https:\/\/www.klasmeier.com\/fr\/wp-json\/wp\/v2\/product_brand?post=8406"},{"taxonomy":"product_cat","embeddable":true,"href":"https:\/\/www.klasmeier.com\/fr\/wp-json\/wp\/v2\/product_cat?post=8406"},{"taxonomy":"product_tag","embeddable":true,"href":"https:\/\/www.klasmeier.com\/fr\/wp-json\/wp\/v2\/product_tag?post=8406"}],"curies":[{"name":"wp","href":"https:\/\/api.w.org\/{rel}","templated":true}]}}

Thermomètre de précision pour température moyenne Pt100 Modèle M (-100 °C à 250 °C)

<div class="wp-block-group has-global-padding is-layout-constrained wp-container-core-group-is-layout-530ec779 wp-block-group-is-layout-constrained">
<figure class="wp-block-image aligncenter size-full"><img loading="lazy" decoding="async" width="310" height="89" src="https://www.klasmeier.com/wp-content/uploads/exacal.png" alt="" class="wp-image-8297" srcset="https://www.klasmeier.com/wp-content/uploads/exacal.png 310w, https://www.klasmeier.com/wp-content/uploads/exacal-300x86.png 300w" sizes="auto, (max-width: 310px) 100vw, 310px" /></figure>



<div class="wp-block-columns is-layout-flex wp-container-core-columns-is-layout-28f84493 wp-block-columns-is-layout-flex">
<div class="wp-block-column is-layout-flow wp-block-column-is-layout-flow" style="flex-basis:66.66%">
<p>Thermomètre de résistance de précision avec <strong>gaine métallique fine et détecteur de température céramique extra-petit</strong>. Ce thermomètre eXacal est conçu pour mesurer les <strong>profils de température radiaux et verticaux</strong>.</p>



<div class="wp-block-group is-vertical is-layout-flex wp-container-core-group-is-layout-893838bc wp-block-group-is-layout-flex" style="padding-top:var(--wp--preset--spacing--10);padding-bottom:var(--wp--preset--spacing--10)">
<p><mark style="background-color:rgba(0, 0, 0, 0)" class="has-inline-color has-accent-3-color"><i class="fas fa-circle-check"></i></mark> Plage de température : <strong>-100 °C à 250 °C</strong></p>



<p><mark style="background-color:rgba(0, 0, 0, 0)" class="has-inline-color has-accent-3-color"><i class="fas fa-circle-check"></i></mark> Incertitudes de mesure faibles : <br>entre <strong>5 mK et 10 mK</strong></p>



<p><mark style="background-color:rgba(0, 0, 0, 0)" class="has-inline-color has-accent-3-color"><i class="fas fa-circle-check"></i></mark> <strong>Temps de réponse rapides grâce à la gaine métallique fine</strong></p>



<p><mark style="background-color:rgba(0, 0, 0, 0)" class="has-inline-color has-accent-3-color"><i class="fas fa-circle-check"></i></mark> <strong>Bonne connexion thermique grâce au petit capteur de température</strong></p>



<p><mark style="background-color:rgba(0, 0, 0, 0)" class="has-inline-color has-accent-3-color"><i class="fas fa-circle-check"></i></mark> Optimal pour la mesure des <strong>gradients de température verticaux</strong></p>
</div>
</div>



<div class="wp-block-column is-layout-flow wp-block-column-is-layout-flow" style="flex-basis:33.33%">
<figure class="wp-block-image size-medium"><img loading="lazy" decoding="async" width="300" height="300" src="https://www.klasmeier.com/wp-content/uploads/klasmeier_EU_Precision_Thermometry_transparent-300x300.webp" alt="" class="wp-image-13161" srcset="https://www.klasmeier.com/wp-content/uploads/klasmeier_EU_Precision_Thermometry_transparent-300x300.webp 300w, https://www.klasmeier.com/wp-content/uploads/klasmeier_EU_Precision_Thermometry_transparent-150x150.webp 150w, https://www.klasmeier.com/wp-content/uploads/klasmeier_EU_Precision_Thermometry_transparent-768x768.webp 768w, https://www.klasmeier.com/wp-content/uploads/klasmeier_EU_Precision_Thermometry_transparent-600x600.webp 600w, https://www.klasmeier.com/wp-content/uploads/klasmeier_EU_Precision_Thermometry_transparent-100x100.webp 100w, https://www.klasmeier.com/wp-content/uploads/klasmeier_EU_Precision_Thermometry_transparent.webp 1024w" sizes="auto, (max-width: 300px) 100vw, 300px" /></figure>
</div>
</div>



<p>Ce thermomètre eXacal a été développé pour mesurer les profils de température verticaux et radiaux dans les équipements d’étalonnage dans le cadre de l’évaluation des incertitudes de mesure. Cela est requis par plusieurs directives telles que <strong>DKD-R 5-4 « Étalonnage des calibrateurs à bloc sec », DKD-R 5-3 « Étalonnage des thermocouples » ou DKD-R 5-1 « Étalonnage des thermomètres à résistance »</strong>. De plus, ce thermomètre est idéal pour <strong>mesurer et régler les zones de chauffage dans les fours d’étalonnage</strong>. Bien entendu, il peut également être utilisé de manière générale pour <strong>mesurer les températures avec précision</strong>.</p>



<div class="wp-block-group has-global-padding is-layout-constrained wp-container-core-group-is-layout-b1d50903 wp-block-group-is-layout-constrained" style="padding-top:var(--wp--preset--spacing--20);padding-bottom:var(--wp--preset--spacing--20)">
<h3 class="wp-block-heading">Étalonnage</h3>



<p>Les thermomètres eXacal sont étalonnés dans notre propre <a href="https://www.klasmeier.com/fr/entreprise/portrait-de-lentreprise/kalibrierdienst-klasmeier/">laboratoire d&rsquo;étalonnage DAkkS</a>. L&rsquo;accréditation DAkkS garantit que tous les étalonnages sont traçables aux normes nationales et internationales.</p>



<p>L&rsquo;étalonnage des thermomètres à résistance eXacal est réalisé à des points fixes ITS-90. Il est également possible de réaliser des étalonnages selon la méthode de comparaison dans des bains d&rsquo;étalonnage et des fours d&rsquo;étalonnage. L&rsquo;incertitude de mesure est calculée à partir de plusieurs composants, les plus influents étant <strong>la reproductibilité, la caractéristique ITS-90, l&rsquo;auto-échauffement et l&rsquo;hystérésis</strong>.</p>



<div class="wp-block-buttons is-content-justification-center is-layout-flex wp-container-core-buttons-is-layout-e511ce0b wp-block-buttons-is-layout-flex" style="margin-top:var(--wp--preset--spacing--30);margin-bottom:var(--wp--preset--spacing--30)">
<div class="wp-block-button hvr-shrink"><a class="wp-block-button__link wp-element-button" href="/fr/kalibrierdienst-klasmeier/kalibrierung-von-widerstandsthermometern/">Étalonnage des thermomètres à résistance</a></div>
</div>
</div>



<div class="wp-block-group has-global-padding is-layout-constrained wp-container-core-group-is-layout-b1d50903 wp-block-group-is-layout-constrained" style="padding-top:var(--wp--preset--spacing--20);padding-bottom:var(--wp--preset--spacing--20)">
<h3 class="wp-block-heading">Incertitude de mesure</h3>



<div class="wp-block-group is-vertical is-layout-flex wp-container-core-group-is-layout-893838bc wp-block-group-is-layout-flex" style="padding-top:var(--wp--preset--spacing--10);padding-bottom:var(--wp--preset--spacing--10)">
<p><mark style="background-color:rgba(0, 0, 0, 0)" class="has-inline-color has-accent-3-color"><i class="fas fa-circle-check"></i></mark> <strong>Faibles incertitudes de mesure avec certificat d&rsquo;étalonnage DAkkS</strong></p>



<p><mark style="background-color:rgba(0, 0, 0, 0)" class="has-inline-color has-accent-3-color"><i class="fas fa-circle-check"></i></mark> <strong>Points fixes de température du point triple du mercure -38,8344 °C au point de solidification de l&rsquo;étain 231,928 °C</strong></p>
</div>



<figure class="wp-block-image alignwide size-full has-custom-border"><img loading="lazy" decoding="async" width="968" height="558" src="https://www.klasmeier.com/wp-content/uploads/Pt100-Modell-M-eXacal-Klasmeier-4.png" alt="" class="wp-image-6044" style="border-radius:50px" srcset="https://www.klasmeier.com/wp-content/uploads/Pt100-Modell-M-eXacal-Klasmeier-4.png 968w, https://www.klasmeier.com/wp-content/uploads/Pt100-Modell-M-eXacal-Klasmeier-4-300x173.png 300w, https://www.klasmeier.com/wp-content/uploads/Pt100-Modell-M-eXacal-Klasmeier-4-768x443.png 768w, https://www.klasmeier.com/wp-content/uploads/Pt100-Modell-M-eXacal-Klasmeier-4-600x346.png 600w" sizes="auto, (max-width: 968px) 100vw, 968px" /></figure>
</div>
</div>

<p>Fabricant : Klasmeier / eXacal modèle : Pt100M</p>
