{"id":8403,"date":"2024-02-29T17:17:12","date_gmt":"2024-02-29T16:17:12","guid":{"rendered":"https:\/\/www.klasmeier.com\/?post_type=product&#038;p=8403"},"modified":"2025-12-03T12:14:44","modified_gmt":"2025-12-03T11:14:44","slug":"thermocouple-de-difference-de-temperature-type-r-type-s-0-c-1200-c","status":"publish","type":"product","link":"https:\/\/www.klasmeier.com\/fr\/produkt\/thermocouple-de-difference-de-temperature-type-r-type-s-0-c-1200-c\/","title":{"rendered":"Thermocouple de diff\u00e9rence de temp\u00e9rature Type R \/ Type S (0 \u00b0C \u2026 1200 \u00b0C)"},"content":{"rendered":"\n<div class=\"wp-block-group has-global-padding is-layout-constrained wp-container-core-group-is-layout-530ec779 wp-block-group-is-layout-constrained\">\n<figure class=\"wp-block-image aligncenter size-full\"><img loading=\"lazy\" decoding=\"async\" width=\"310\" height=\"89\" src=\"https:\/\/www.klasmeier.com\/wp-content\/uploads\/exacal.png\" alt=\"\" class=\"wp-image-8297\" srcset=\"https:\/\/www.klasmeier.com\/wp-content\/uploads\/exacal.png 310w, https:\/\/www.klasmeier.com\/wp-content\/uploads\/exacal-300x86.png 300w\" sizes=\"auto, (max-width: 310px) 100vw, 310px\" \/><\/figure>\n\n\n\n<div class=\"wp-block-columns is-layout-flex wp-container-core-columns-is-layout-28f84493 wp-block-columns-is-layout-flex\">\n<div class=\"wp-block-column is-layout-flow wp-block-column-is-layout-flow\" style=\"flex-basis:66.66%\">\n<p>Les thermocouples diff\u00e9rentiels en m\u00e9taux pr\u00e9cieux (thermocouple de type R ou de type S) sont utilis\u00e9s pour la d\u00e9termination des gradients de temp\u00e9rature verticaux.<\/p>\n\n\n\n<div class=\"wp-block-group is-vertical is-layout-flex wp-container-core-group-is-layout-893838bc wp-block-group-is-layout-flex\" style=\"padding-top:var(--wp--preset--spacing--10);padding-bottom:var(--wp--preset--spacing--10)\">\n<p><mark style=\"background-color:rgba(0, 0, 0, 0)\" class=\"has-inline-color has-accent-3-color\"><i class=\"fas fa-circle-check\"><\/i><\/mark> <strong>Mesure diff\u00e9rentielle de temp\u00e9rature jusqu&rsquo;\u00e0 1200 \u00b0C<\/strong>&nbsp;<\/p>\n\n\n\n<p><mark style=\"background-color:rgba(0, 0, 0, 0)\" class=\"has-inline-color has-accent-3-color\"><i class=\"fas fa-circle-check\"><\/i><\/mark> D\u00e9termination des <strong>gradients de temp\u00e9rature verticaux<\/strong><\/p>\n\n\n\n<p><mark style=\"background-color:rgba(0, 0, 0, 0)\" class=\"has-inline-color has-accent-3-color\"><i class=\"fas fa-circle-check\"><\/i><\/mark> M\u00eame mat\u00e9riau thermocouple <strong>de haute qualit\u00e9 que les thermocouples standard<\/strong><\/p>\n<\/div>\n\n\n\n<p>Le thermocouple de mesure diff\u00e9rentielle de temp\u00e9rature est un outil pratique pour le travail quotidien en laboratoire. Il facilite votre travail :<\/p>\n<\/div>\n\n\n\n<div class=\"wp-block-column is-layout-flow wp-block-column-is-layout-flow\" style=\"flex-basis:33.33%\">\n<figure class=\"wp-block-image size-medium\"><img loading=\"lazy\" decoding=\"async\" width=\"300\" height=\"300\" src=\"https:\/\/www.klasmeier.com\/wp-content\/uploads\/klasmeier_EU_Precision_Thermometry_transparent-300x300.webp\" alt=\"\" class=\"wp-image-13161\" srcset=\"https:\/\/www.klasmeier.com\/wp-content\/uploads\/klasmeier_EU_Precision_Thermometry_transparent-300x300.webp 300w, https:\/\/www.klasmeier.com\/wp-content\/uploads\/klasmeier_EU_Precision_Thermometry_transparent-150x150.webp 150w, https:\/\/www.klasmeier.com\/wp-content\/uploads\/klasmeier_EU_Precision_Thermometry_transparent-768x768.webp 768w, https:\/\/www.klasmeier.com\/wp-content\/uploads\/klasmeier_EU_Precision_Thermometry_transparent-600x600.webp 600w, https:\/\/www.klasmeier.com\/wp-content\/uploads\/klasmeier_EU_Precision_Thermometry_transparent-100x100.webp 100w, https:\/\/www.klasmeier.com\/wp-content\/uploads\/klasmeier_EU_Precision_Thermometry_transparent.webp 1024w\" sizes=\"auto, (max-width: 300px) 100vw, 300px\" \/><\/figure>\n<\/div>\n<\/div>\n\n\n\n<div class=\"wp-block-group is-vertical is-layout-flex wp-container-core-group-is-layout-893838bc wp-block-group-is-layout-flex\" style=\"padding-top:var(--wp--preset--spacing--10);padding-bottom:var(--wp--preset--spacing--10)\">\n<p><mark style=\"background-color:rgba(0, 0, 0, 0)\" class=\"has-inline-color has-accent-3-color\"><i class=\"fas fa-circle-check\"><\/i><\/mark> <strong>D\u00e9termination des gradients de temp\u00e9rature verticaux<\/strong><br>Les gradients de temp\u00e9rature verticaux doivent \u00eatre d\u00e9termin\u00e9s dans le cadre de l&rsquo;incertitude de mesure d&rsquo;un \u00e9talonnage (par exemple, selon DKD-R 5-4 \u00ab \u00c9talonnage des calibrateurs \u00e0 bloc sec \u00bb, DKD-R 5-3 \u00ab \u00c9talonnage des thermocouples \u00bb ou DKD-R 5-1 \u00ab \u00c9talonnage des thermom\u00e8tres \u00e0 r\u00e9sistance \u00bb).<\/p>\n\n\n\n<p><strong>Optimisation des fours d\u2019\u00e9talonnage<\/strong><br>Lors de l\u2019optimisation des zones de chauffage des fours d\u2019\u00e9talonnage, tels que le four d\u2019\u00e9talonnage haute temp\u00e9rature \u00e0 3 zones ou le four d\u2019\u00e9talonnage Medusa 511, il est essentiel de d\u00e9terminer avec pr\u00e9cision les diff\u00e9rences de temp\u00e9rature.<\/p>\n<\/div>\n\n\n\n<p>Il est compos\u00e9 de deux thermocouples de type R ou de type S connect\u00e9s l\u2019un contre l\u2019autre, fabriqu\u00e9s avec le m\u00eame mat\u00e9riau thermocouple de haute qualit\u00e9 que nos thermocouples standard. Cette configuration permet d&rsquo;effectuer une mesure diff\u00e9rentielle de temp\u00e9rature.<\/p>\n\n\n\n<figure class=\"wp-block-image size-full\"><img loading=\"lazy\" decoding=\"async\" width=\"900\" height=\"200\" src=\"https:\/\/www.klasmeier.com\/wp-content\/uploads\/eXacal_Differenz-Thermoelement.png\" alt=\"\" class=\"wp-image-4899\" srcset=\"https:\/\/www.klasmeier.com\/wp-content\/uploads\/eXacal_Differenz-Thermoelement.png 900w, https:\/\/www.klasmeier.com\/wp-content\/uploads\/eXacal_Differenz-Thermoelement-300x67.png 300w, https:\/\/www.klasmeier.com\/wp-content\/uploads\/eXacal_Differenz-Thermoelement-768x171.png 768w, https:\/\/www.klasmeier.com\/wp-content\/uploads\/eXacal_Differenz-Thermoelement-600x133.png 600w\" sizes=\"auto, (max-width: 900px) 100vw, 900px\" \/><figcaption class=\"wp-element-caption\">Sch\u00e9ma : deux thermocouples connect\u00e9s l\u2019un contre l\u2019autre<\/figcaption><\/figure>\n\n\n\n<p>Le thermom\u00e8tre poss\u00e8de une zone de mesure de 500 mm de long, permettant ainsi de d\u00e9terminer l&rsquo;\u00e9cart absolu au point fixe de l\u2019argent. Un balayage d\u2019inhomog\u00e9n\u00e9it\u00e9 est \u00e9galement effectu\u00e9 afin que le thermocouple puisse \u00eatre utilis\u00e9 pour la mesure diff\u00e9rentielle de temp\u00e9rature m\u00eame avec des profondeurs d\u2019immersion variables.<\/p>\n<\/div>\n","protected":false},"excerpt":{"rendered":"<p>Manufacturer: Klasmeier \/ eXacal <span style=\"font-size: 12pt;\">model: Type R\/ Type S difference thermocouple<\/span><\/p>\n","protected":false},"featured_media":11222,"template":"","meta":[],"product_brand":[],"product_cat":[],"product_tag":[],"class_list":{"0":"post-8403","1":"product","2":"type-product","3":"status-publish","4":"has-post-thumbnail","7":"first","8":"instock","9":"shipping-taxable","10":"purchasable","11":"product-type-simple"},"_links":{"self":[{"href":"https:\/\/www.klasmeier.com\/fr\/wp-json\/wp\/v2\/product\/8403","targetHints":{"allow":["GET"]}}],"collection":[{"href":"https:\/\/www.klasmeier.com\/fr\/wp-json\/wp\/v2\/product"}],"about":[{"href":"https:\/\/www.klasmeier.com\/fr\/wp-json\/wp\/v2\/types\/product"}],"wp:featuredmedia":[{"embeddable":true,"href":"https:\/\/www.klasmeier.com\/fr\/wp-json\/wp\/v2\/media\/11222"}],"wp:attachment":[{"href":"https:\/\/www.klasmeier.com\/fr\/wp-json\/wp\/v2\/media?parent=8403"}],"wp:term":[{"taxonomy":"product_brand","embeddable":true,"href":"https:\/\/www.klasmeier.com\/fr\/wp-json\/wp\/v2\/product_brand?post=8403"},{"taxonomy":"product_cat","embeddable":true,"href":"https:\/\/www.klasmeier.com\/fr\/wp-json\/wp\/v2\/product_cat?post=8403"},{"taxonomy":"product_tag","embeddable":true,"href":"https:\/\/www.klasmeier.com\/fr\/wp-json\/wp\/v2\/product_tag?post=8403"}],"curies":[{"name":"wp","href":"https:\/\/api.w.org\/{rel}","templated":true}]}}

Thermocouple de différence de température Type R / Type S (0 °C … 1200 °C)

<div class="wp-block-group has-global-padding is-layout-constrained wp-container-core-group-is-layout-530ec779 wp-block-group-is-layout-constrained">
<figure class="wp-block-image aligncenter size-full"><img loading="lazy" decoding="async" width="310" height="89" src="https://www.klasmeier.com/wp-content/uploads/exacal.png" alt="" class="wp-image-8297" srcset="https://www.klasmeier.com/wp-content/uploads/exacal.png 310w, https://www.klasmeier.com/wp-content/uploads/exacal-300x86.png 300w" sizes="auto, (max-width: 310px) 100vw, 310px" /></figure>



<div class="wp-block-columns is-layout-flex wp-container-core-columns-is-layout-28f84493 wp-block-columns-is-layout-flex">
<div class="wp-block-column is-layout-flow wp-block-column-is-layout-flow" style="flex-basis:66.66%">
<p>Les thermocouples différentiels en métaux précieux (thermocouple de type R ou de type S) sont utilisés pour la détermination des gradients de température verticaux.</p>



<div class="wp-block-group is-vertical is-layout-flex wp-container-core-group-is-layout-893838bc wp-block-group-is-layout-flex" style="padding-top:var(--wp--preset--spacing--10);padding-bottom:var(--wp--preset--spacing--10)">
<p><mark style="background-color:rgba(0, 0, 0, 0)" class="has-inline-color has-accent-3-color"><i class="fas fa-circle-check"></i></mark> <strong>Mesure différentielle de température jusqu&rsquo;à 1200 °C</strong>&nbsp;</p>



<p><mark style="background-color:rgba(0, 0, 0, 0)" class="has-inline-color has-accent-3-color"><i class="fas fa-circle-check"></i></mark> Détermination des <strong>gradients de température verticaux</strong></p>



<p><mark style="background-color:rgba(0, 0, 0, 0)" class="has-inline-color has-accent-3-color"><i class="fas fa-circle-check"></i></mark> Même matériau thermocouple <strong>de haute qualité que les thermocouples standard</strong></p>
</div>



<p>Le thermocouple de mesure différentielle de température est un outil pratique pour le travail quotidien en laboratoire. Il facilite votre travail :</p>
</div>



<div class="wp-block-column is-layout-flow wp-block-column-is-layout-flow" style="flex-basis:33.33%">
<figure class="wp-block-image size-medium"><img loading="lazy" decoding="async" width="300" height="300" src="https://www.klasmeier.com/wp-content/uploads/klasmeier_EU_Precision_Thermometry_transparent-300x300.webp" alt="" class="wp-image-13161" srcset="https://www.klasmeier.com/wp-content/uploads/klasmeier_EU_Precision_Thermometry_transparent-300x300.webp 300w, https://www.klasmeier.com/wp-content/uploads/klasmeier_EU_Precision_Thermometry_transparent-150x150.webp 150w, https://www.klasmeier.com/wp-content/uploads/klasmeier_EU_Precision_Thermometry_transparent-768x768.webp 768w, https://www.klasmeier.com/wp-content/uploads/klasmeier_EU_Precision_Thermometry_transparent-600x600.webp 600w, https://www.klasmeier.com/wp-content/uploads/klasmeier_EU_Precision_Thermometry_transparent-100x100.webp 100w, https://www.klasmeier.com/wp-content/uploads/klasmeier_EU_Precision_Thermometry_transparent.webp 1024w" sizes="auto, (max-width: 300px) 100vw, 300px" /></figure>
</div>
</div>



<div class="wp-block-group is-vertical is-layout-flex wp-container-core-group-is-layout-893838bc wp-block-group-is-layout-flex" style="padding-top:var(--wp--preset--spacing--10);padding-bottom:var(--wp--preset--spacing--10)">
<p><mark style="background-color:rgba(0, 0, 0, 0)" class="has-inline-color has-accent-3-color"><i class="fas fa-circle-check"></i></mark> <strong>Détermination des gradients de température verticaux</strong><br>Les gradients de température verticaux doivent être déterminés dans le cadre de l&rsquo;incertitude de mesure d&rsquo;un étalonnage (par exemple, selon DKD-R 5-4 « Étalonnage des calibrateurs à bloc sec », DKD-R 5-3 « Étalonnage des thermocouples » ou DKD-R 5-1 « Étalonnage des thermomètres à résistance »).</p>



<p><strong>Optimisation des fours d’étalonnage</strong><br>Lors de l’optimisation des zones de chauffage des fours d’étalonnage, tels que le four d’étalonnage haute température à 3 zones ou le four d’étalonnage Medusa 511, il est essentiel de déterminer avec précision les différences de température.</p>
</div>



<p>Il est composé de deux thermocouples de type R ou de type S connectés l’un contre l’autre, fabriqués avec le même matériau thermocouple de haute qualité que nos thermocouples standard. Cette configuration permet d&rsquo;effectuer une mesure différentielle de température.</p>



<figure class="wp-block-image size-full"><img loading="lazy" decoding="async" width="900" height="200" src="https://www.klasmeier.com/wp-content/uploads/eXacal_Differenz-Thermoelement.png" alt="" class="wp-image-4899" srcset="https://www.klasmeier.com/wp-content/uploads/eXacal_Differenz-Thermoelement.png 900w, https://www.klasmeier.com/wp-content/uploads/eXacal_Differenz-Thermoelement-300x67.png 300w, https://www.klasmeier.com/wp-content/uploads/eXacal_Differenz-Thermoelement-768x171.png 768w, https://www.klasmeier.com/wp-content/uploads/eXacal_Differenz-Thermoelement-600x133.png 600w" sizes="auto, (max-width: 900px) 100vw, 900px" /><figcaption class="wp-element-caption">Schéma : deux thermocouples connectés l’un contre l’autre</figcaption></figure>



<p>Le thermomètre possède une zone de mesure de 500 mm de long, permettant ainsi de déterminer l&rsquo;écart absolu au point fixe de l’argent. Un balayage d’inhomogénéité est également effectué afin que le thermocouple puisse être utilisé pour la mesure différentielle de température même avec des profondeurs d’immersion variables.</p>
</div>
