{"id":8876,"date":"2024-02-29T17:17:52","date_gmt":"2024-02-29T16:17:52","guid":{"rendered":"https:\/\/www.klasmeier.com\/?post_type=product&#038;p=8876"},"modified":"2025-12-03T12:59:05","modified_gmt":"2025-12-03T11:59:05","slug":"pt100-ih-termometro-de-referencia-industrial-100-c-660-c","status":"publish","type":"product","link":"https:\/\/www.klasmeier.com\/es\/produkt\/pt100-ih-termometro-de-referencia-industrial-100-c-660-c\/","title":{"rendered":"Pt100 IH Term\u00f3metro de Referencia Industrial -100 \u00b0C \u2026 660 \u00b0C"},"content":{"rendered":"\n<div class=\"wp-block-group has-global-padding is-layout-constrained wp-container-core-group-is-layout-530ec779 wp-block-group-is-layout-constrained\">\n<div class=\"wp-block-group is-vertical is-layout-flex wp-container-core-group-is-layout-fe9cc265 wp-block-group-is-layout-flex\">\n<figure class=\"wp-block-image size-full\"><img loading=\"lazy\" decoding=\"async\" width=\"310\" height=\"89\" src=\"https:\/\/www.klasmeier.com\/wp-content\/uploads\/exacal.png\" alt=\"\" class=\"wp-image-8533\" srcset=\"https:\/\/www.klasmeier.com\/wp-content\/uploads\/exacal.png 310w, https:\/\/www.klasmeier.com\/wp-content\/uploads\/exacal-300x86.png 300w\" sizes=\"auto, (max-width: 310px) 100vw, 310px\" \/><\/figure>\n\n\n\n<div class=\"wp-block-columns is-layout-flex wp-container-core-columns-is-layout-28f84493 wp-block-columns-is-layout-flex\">\n<div class=\"wp-block-column is-layout-flow wp-block-column-is-layout-flow\" style=\"flex-basis:66.66%\">\n<p>Term\u00f3metro de referencia preciso para mediciones de temperatura exactas o como <strong>patr\u00f3n industrial de temperatura, por ejemplo, para calibradores de bloque de temperatura<\/strong>.<\/p>\n\n\n\n<p><mark style=\"background-color:rgba(0, 0, 0, 0)\" class=\"has-inline-color has-accent-3-color\"><i class=\"fas fa-circle-check\"><\/i><\/mark> <strong>Dise\u00f1o delgado<br><\/strong>El sensor de temperatura con <strong>di\u00e1metro de 6 mm<\/strong> y mango compacto permite su uso en <strong>espacios reducidos, como en calibradores de bloque de temperatura<\/strong><\/p>\n\n\n\n<p><mark style=\"background-color:rgba(0, 0, 0, 0)\" class=\"has-inline-color has-accent-3-color\"><i class=\"fas fa-circle-check\"><\/i><\/mark> <strong>Sensores de temperatura Pt100<br><\/strong>Uso de sensores de temperatura de alta estabilidad y envejecidos t\u00e9rmicamente.<\/p>\n\n\n\n<p><mark style=\"background-color:rgba(0, 0, 0, 0)\" class=\"has-inline-color has-accent-3-color\"><i class=\"fas fa-circle-check\"><\/i><\/mark> <strong><strong>Amplio rango de temperatura<\/strong><br><\/strong>Term\u00f3metro utilizable en el rango de -100 \u00b0C a 660 \u00b0C&nbsp;<\/p>\n<\/div>\n\n\n\n<div class=\"wp-block-column is-layout-flow wp-block-column-is-layout-flow\" style=\"flex-basis:33.33%\">\n<figure class=\"wp-block-image size-medium\"><img loading=\"lazy\" decoding=\"async\" width=\"300\" height=\"300\" src=\"https:\/\/www.klasmeier.com\/wp-content\/uploads\/klasmeier_EU_Precision_Thermometry_transparent-300x300.webp\" alt=\"\" class=\"wp-image-13164\" srcset=\"https:\/\/www.klasmeier.com\/wp-content\/uploads\/klasmeier_EU_Precision_Thermometry_transparent-300x300.webp 300w, https:\/\/www.klasmeier.com\/wp-content\/uploads\/klasmeier_EU_Precision_Thermometry_transparent-150x150.webp 150w, https:\/\/www.klasmeier.com\/wp-content\/uploads\/klasmeier_EU_Precision_Thermometry_transparent-768x768.webp 768w, https:\/\/www.klasmeier.com\/wp-content\/uploads\/klasmeier_EU_Precision_Thermometry_transparent-600x600.webp 600w, https:\/\/www.klasmeier.com\/wp-content\/uploads\/klasmeier_EU_Precision_Thermometry_transparent-100x100.webp 100w, https:\/\/www.klasmeier.com\/wp-content\/uploads\/klasmeier_EU_Precision_Thermometry_transparent.webp 1024w\" sizes=\"auto, (max-width: 300px) 100vw, 300px\" \/><\/figure>\n<\/div>\n<\/div>\n<\/div>\n\n\n\n<div class=\"wp-block-group is-vertical is-content-justification-stretch is-layout-flex wp-container-core-group-is-layout-88863016 wp-block-group-is-layout-flex\" style=\"padding-top:var(--wp--preset--spacing--30);padding-bottom:var(--wp--preset--spacing--30)\">\n<h3 class=\"wp-block-heading\"><strong>Calibraci\u00f3n<\/strong><\/h3>\n\n\n\n<p><span style=\"font-size: 14pt;\">Los term\u00f3metros eXacal se calibran en nuestro propio <a href=\"https:\/\/www.klasmeier.com\/es\/el-servicio-de-calibracion-klasmeier\/\">laboratorio de calibraci\u00f3n DAkkS<\/a>. La acreditaci\u00f3n DAkkS garantiza que todas las calibraciones sean trazables a est\u00e1ndares nacionales e internacionales. La incertidumbre de medici\u00f3n se calcula a partir de varios componentes, siendo las m\u00e1s importantes <strong>la reproducibilidad, la autocalentamiento y la hist\u00e9resis.<\/strong><\/span><\/p>\n\n\n\n<div class=\"wp-block-buttons is-content-justification-center is-layout-flex wp-container-core-buttons-is-layout-d565fcec wp-block-buttons-is-layout-flex\" style=\"margin-top:var(--wp--preset--spacing--20);margin-bottom:var(--wp--preset--spacing--20)\">\n<div class=\"wp-block-button hvr-shrink\"><a class=\"wp-block-button__link wp-element-button\" href=\"https:\/\/www.klasmeier.com\/es\/el-servicio-de-calibracion-klasmeier\/calibracion-de-termometros-de-resistencia\/\">Calibraci\u00f3n de term\u00f3metros de resistencia<\/a><\/div>\n<\/div>\n<\/div>\n\n\n\n<div class=\"wp-block-group is-vertical is-content-justification-stretch is-layout-flex wp-container-core-group-is-layout-04fbc4f9 wp-block-group-is-layout-flex\" style=\"padding-top:var(--wp--preset--spacing--30);padding-bottom:var(--wp--preset--spacing--30)\">\n<h3 class=\"wp-block-heading\"><strong>Incertidumbre de medici\u00f3n DAkkS<\/strong><\/h3>\n\n\n\n<figure class=\"wp-block-image aligncenter size-full has-custom-border\"><img loading=\"lazy\" decoding=\"async\" width=\"1024\" height=\"582\" src=\"https:\/\/www.klasmeier.com\/wp-content\/uploads\/Pt100-Modell-IH-eXacal-Klasmeier-1024x582-1.png\" alt=\"\" class=\"wp-image-4712\" style=\"border-radius:50px\" srcset=\"https:\/\/www.klasmeier.com\/wp-content\/uploads\/Pt100-Modell-IH-eXacal-Klasmeier-1024x582-1.png 1024w, https:\/\/www.klasmeier.com\/wp-content\/uploads\/Pt100-Modell-IH-eXacal-Klasmeier-1024x582-1-300x171.png 300w, https:\/\/www.klasmeier.com\/wp-content\/uploads\/Pt100-Modell-IH-eXacal-Klasmeier-1024x582-1-768x437.png 768w, https:\/\/www.klasmeier.com\/wp-content\/uploads\/Pt100-Modell-IH-eXacal-Klasmeier-1024x582-1-600x341.png 600w\" sizes=\"auto, (max-width: 1024px) 100vw, 1024px\" \/><\/figure>\n<\/div>\n<\/div>\n","protected":false},"excerpt":{"rendered":"<p>Fabricante: Klasmeier \/ eXacal<br \/>\nModelo: Pt100IH<\/p>\n","protected":false},"featured_media":11425,"template":"","meta":[],"product_brand":[],"product_cat":[],"product_tag":[],"class_list":{"0":"post-8876","1":"product","2":"type-product","3":"status-publish","4":"has-post-thumbnail","7":"first","8":"instock","9":"shipping-taxable","10":"purchasable","11":"product-type-variable"},"_links":{"self":[{"href":"https:\/\/www.klasmeier.com\/es\/wp-json\/wp\/v2\/product\/8876","targetHints":{"allow":["GET"]}}],"collection":[{"href":"https:\/\/www.klasmeier.com\/es\/wp-json\/wp\/v2\/product"}],"about":[{"href":"https:\/\/www.klasmeier.com\/es\/wp-json\/wp\/v2\/types\/product"}],"wp:featuredmedia":[{"embeddable":true,"href":"https:\/\/www.klasmeier.com\/es\/wp-json\/wp\/v2\/media\/11425"}],"wp:attachment":[{"href":"https:\/\/www.klasmeier.com\/es\/wp-json\/wp\/v2\/media?parent=8876"}],"wp:term":[{"taxonomy":"product_brand","embeddable":true,"href":"https:\/\/www.klasmeier.com\/es\/wp-json\/wp\/v2\/product_brand?post=8876"},{"taxonomy":"product_cat","embeddable":true,"href":"https:\/\/www.klasmeier.com\/es\/wp-json\/wp\/v2\/product_cat?post=8876"},{"taxonomy":"product_tag","embeddable":true,"href":"https:\/\/www.klasmeier.com\/es\/wp-json\/wp\/v2\/product_tag?post=8876"}],"curies":[{"name":"wp","href":"https:\/\/api.w.org\/{rel}","templated":true}]}}

Pt100 IH Termómetro de Referencia Industrial -100 °C … 660 °C

<div class="wp-block-group has-global-padding is-layout-constrained wp-container-core-group-is-layout-530ec779 wp-block-group-is-layout-constrained">
<div class="wp-block-group is-vertical is-layout-flex wp-container-core-group-is-layout-fe9cc265 wp-block-group-is-layout-flex">
<figure class="wp-block-image size-full"><img loading="lazy" decoding="async" width="310" height="89" src="https://www.klasmeier.com/wp-content/uploads/exacal.png" alt="" class="wp-image-8533" srcset="https://www.klasmeier.com/wp-content/uploads/exacal.png 310w, https://www.klasmeier.com/wp-content/uploads/exacal-300x86.png 300w" sizes="auto, (max-width: 310px) 100vw, 310px" /></figure>



<div class="wp-block-columns is-layout-flex wp-container-core-columns-is-layout-28f84493 wp-block-columns-is-layout-flex">
<div class="wp-block-column is-layout-flow wp-block-column-is-layout-flow" style="flex-basis:66.66%">
<p>Termómetro de referencia preciso para mediciones de temperatura exactas o como <strong>patrón industrial de temperatura, por ejemplo, para calibradores de bloque de temperatura</strong>.</p>



<p><mark style="background-color:rgba(0, 0, 0, 0)" class="has-inline-color has-accent-3-color"><i class="fas fa-circle-check"></i></mark> <strong>Diseño delgado<br></strong>El sensor de temperatura con <strong>diámetro de 6 mm</strong> y mango compacto permite su uso en <strong>espacios reducidos, como en calibradores de bloque de temperatura</strong></p>



<p><mark style="background-color:rgba(0, 0, 0, 0)" class="has-inline-color has-accent-3-color"><i class="fas fa-circle-check"></i></mark> <strong>Sensores de temperatura Pt100<br></strong>Uso de sensores de temperatura de alta estabilidad y envejecidos térmicamente.</p>



<p><mark style="background-color:rgba(0, 0, 0, 0)" class="has-inline-color has-accent-3-color"><i class="fas fa-circle-check"></i></mark> <strong><strong>Amplio rango de temperatura</strong><br></strong>Termómetro utilizable en el rango de -100 °C a 660 °C&nbsp;</p>
</div>



<div class="wp-block-column is-layout-flow wp-block-column-is-layout-flow" style="flex-basis:33.33%">
<figure class="wp-block-image size-medium"><img loading="lazy" decoding="async" width="300" height="300" src="https://www.klasmeier.com/wp-content/uploads/klasmeier_EU_Precision_Thermometry_transparent-300x300.webp" alt="" class="wp-image-13164" srcset="https://www.klasmeier.com/wp-content/uploads/klasmeier_EU_Precision_Thermometry_transparent-300x300.webp 300w, https://www.klasmeier.com/wp-content/uploads/klasmeier_EU_Precision_Thermometry_transparent-150x150.webp 150w, https://www.klasmeier.com/wp-content/uploads/klasmeier_EU_Precision_Thermometry_transparent-768x768.webp 768w, https://www.klasmeier.com/wp-content/uploads/klasmeier_EU_Precision_Thermometry_transparent-600x600.webp 600w, https://www.klasmeier.com/wp-content/uploads/klasmeier_EU_Precision_Thermometry_transparent-100x100.webp 100w, https://www.klasmeier.com/wp-content/uploads/klasmeier_EU_Precision_Thermometry_transparent.webp 1024w" sizes="auto, (max-width: 300px) 100vw, 300px" /></figure>
</div>
</div>
</div>



<div class="wp-block-group is-vertical is-content-justification-stretch is-layout-flex wp-container-core-group-is-layout-88863016 wp-block-group-is-layout-flex" style="padding-top:var(--wp--preset--spacing--30);padding-bottom:var(--wp--preset--spacing--30)">
<h3 class="wp-block-heading"><strong>Calibración</strong></h3>



<p><span style="font-size: 14pt;">Los termómetros eXacal se calibran en nuestro propio <a href="https://www.klasmeier.com/es/el-servicio-de-calibracion-klasmeier/">laboratorio de calibración DAkkS</a>. La acreditación DAkkS garantiza que todas las calibraciones sean trazables a estándares nacionales e internacionales. La incertidumbre de medición se calcula a partir de varios componentes, siendo las más importantes <strong>la reproducibilidad, la autocalentamiento y la histéresis.</strong></span></p>



<div class="wp-block-buttons is-content-justification-center is-layout-flex wp-container-core-buttons-is-layout-d565fcec wp-block-buttons-is-layout-flex" style="margin-top:var(--wp--preset--spacing--20);margin-bottom:var(--wp--preset--spacing--20)">
<div class="wp-block-button hvr-shrink"><a class="wp-block-button__link wp-element-button" href="https://www.klasmeier.com/es/el-servicio-de-calibracion-klasmeier/calibracion-de-termometros-de-resistencia/">Calibración de termómetros de resistencia</a></div>
</div>
</div>



<div class="wp-block-group is-vertical is-content-justification-stretch is-layout-flex wp-container-core-group-is-layout-04fbc4f9 wp-block-group-is-layout-flex" style="padding-top:var(--wp--preset--spacing--30);padding-bottom:var(--wp--preset--spacing--30)">
<h3 class="wp-block-heading"><strong>Incertidumbre de medición DAkkS</strong></h3>



<figure class="wp-block-image aligncenter size-full has-custom-border"><img loading="lazy" decoding="async" width="1024" height="582" src="https://www.klasmeier.com/wp-content/uploads/Pt100-Modell-IH-eXacal-Klasmeier-1024x582-1.png" alt="" class="wp-image-4712" style="border-radius:50px" srcset="https://www.klasmeier.com/wp-content/uploads/Pt100-Modell-IH-eXacal-Klasmeier-1024x582-1.png 1024w, https://www.klasmeier.com/wp-content/uploads/Pt100-Modell-IH-eXacal-Klasmeier-1024x582-1-300x171.png 300w, https://www.klasmeier.com/wp-content/uploads/Pt100-Modell-IH-eXacal-Klasmeier-1024x582-1-768x437.png 768w, https://www.klasmeier.com/wp-content/uploads/Pt100-Modell-IH-eXacal-Klasmeier-1024x582-1-600x341.png 600w" sizes="auto, (max-width: 1024px) 100vw, 1024px" /></figure>
</div>
</div>
